{"id":2,"date":"2019-03-24T12:44:41","date_gmt":"2019-03-24T11:44:41","guid":{"rendered":"http:\/\/bagular.de\/?page_id=2"},"modified":"2019-05-20T22:15:35","modified_gmt":"2019-05-20T20:15:35","slug":"beispiel-seite","status":"publish","type":"page","link":"https:\/\/bagular.de\/?page_id=2","title":{"rendered":"Bagular the modular Backback System"},"content":{"rendered":"\n<p>Bagular ist der Name eines innovativen Rucksacksystems. Entstanden ist diese Idee, um den Schul- und Arbeitsalltag zu erleichtern. Das Bagular Rucksacksystem, kennzeichnet sich durch unterschiedliche Module aus. Diese k\u00f6nnen nach Belieben durch das  <strong>\u00ae<\/strong> Fidlock Klicksystem kombiniert werden und das einfach und schnell.<\/p>\n\n\n\n<p> Es gibt verschieden gro\u00dfe Module, welche zusammen oder auch einzeln genutzt werden k\u00f6nnen. Somit kann aus einem kleinen Rucksack ein gro\u00dfer werden oder umgekehrt, ganz nach Bedarf.<\/p>\n\n\n<div class=\"foogallery foogallery-container foogallery-thumbnail foogallery-single-thumbnail foogallery-lightbox-foobox fg-center fg-thumbnail fg-light fg-border-thin fg-shadow-outline fg-loading-default fg-loaded-fade-in fg-caption-hover fg-hover-fade fg-hover-zoom fg-ready\" id=\"foogallery-gallery-22\" data-foogallery=\"{&quot;item&quot;:{&quot;showCaptionTitle&quot;:true,&quot;showCaptionDescription&quot;:true},&quot;lazy&quot;:true}\" >\n    <div class=\"fg-item fg-type-image fg-idle\"><figure class=\"fg-item-inner\"><a href=\"https:\/\/bagular.de\/wp-content\/uploads\/2019\/05\/bagular-logo-grau-2.jpg\" data-attachment-id=\"67\" rel=\"lightbox[22]\" data-type=\"image\" class=\"fg-thumb\"><span class=\"fg-image-wrap\"><img fetchpriority=\"high\" decoding=\"async\" width=\"250\" height=\"200\" class=\"skip-lazy fg-image\" data-src-fg=\"https:\/\/bagular.de\/wp-content\/uploads\/cache\/2019\/05\/bagular-logo-grau-2\/483776658.jpg\" src=\"data:image\/svg+xml,%3Csvg%20xmlns%3D%22http%3A%2F%2Fwww.w3.org%2F2000%2Fsvg%22%20width%3D%22250%22%20height%3D%22200%22%20viewBox%3D%220%200%20250%20200%22%3E%3C%2Fsvg%3E\" loading=\"eager\"><\/span><span class=\"fg-image-overlay\"><\/span><\/a><figcaption class=\"fg-caption\"><div class=\"fg-caption-inner\"><\/div><\/figcaption><\/figure><div class=\"fg-loader\"><\/div><\/div>    <div class=\"fg-st-hidden\">\n    <div class=\"fg-item fg-type-image fg-idle\"><figure class=\"fg-item-inner\"><a href=\"https:\/\/bagular.de\/wp-content\/uploads\/2019\/04\/PICT_20190401_191003_klein.jpg\" data-attachment-id=\"20\" rel=\"lightbox[22]\" data-type=\"image\" class=\"fg-thumb\"><span class=\"fg-image-wrap\"><img decoding=\"async\" width=\"250\" height=\"200\" class=\"skip-lazy fg-image\" data-src-fg=\"https:\/\/bagular.de\/wp-content\/uploads\/cache\/2019\/04\/PICT_20190401_191003_klein\/1709734382.jpg\" src=\"data:image\/svg+xml,%3Csvg%20xmlns%3D%22http%3A%2F%2Fwww.w3.org%2F2000%2Fsvg%22%20width%3D%22250%22%20height%3D%22200%22%20viewBox%3D%220%200%20250%20200%22%3E%3C%2Fsvg%3E\" loading=\"eager\"><\/span><span class=\"fg-image-overlay\"><\/span><\/a><figcaption class=\"fg-caption\"><div class=\"fg-caption-inner\"><\/div><\/figcaption><\/figure><div class=\"fg-loader\"><\/div><\/div><div class=\"fg-item fg-type-image fg-idle\"><figure class=\"fg-item-inner\"><a href=\"https:\/\/bagular.de\/wp-content\/uploads\/2019\/04\/PICT_20190401_191216_klein.jpg\" data-attachment-id=\"21\" rel=\"lightbox[22]\" data-type=\"image\" class=\"fg-thumb\"><span class=\"fg-image-wrap\"><img decoding=\"async\" width=\"250\" height=\"200\" class=\"skip-lazy fg-image\" data-src-fg=\"https:\/\/bagular.de\/wp-content\/uploads\/cache\/2019\/04\/PICT_20190401_191216_klein\/3113801004.jpg\" src=\"data:image\/svg+xml,%3Csvg%20xmlns%3D%22http%3A%2F%2Fwww.w3.org%2F2000%2Fsvg%22%20width%3D%22250%22%20height%3D%22200%22%20viewBox%3D%220%200%20250%20200%22%3E%3C%2Fsvg%3E\" loading=\"eager\"><\/span><span class=\"fg-image-overlay\"><\/span><\/a><figcaption class=\"fg-caption\"><div class=\"fg-caption-inner\"><\/div><\/figcaption><\/figure><div class=\"fg-loader\"><\/div><\/div><div class=\"fg-item fg-type-image fg-idle\"><figure class=\"fg-item-inner\"><a href=\"https:\/\/bagular.de\/wp-content\/uploads\/2019\/04\/PICT_20190401_190628_klein.jpg\" data-attachment-id=\"18\" rel=\"lightbox[22]\" data-type=\"image\" class=\"fg-thumb\"><span class=\"fg-image-wrap\"><img decoding=\"async\" width=\"250\" height=\"200\" class=\"skip-lazy fg-image\" data-src-fg=\"https:\/\/bagular.de\/wp-content\/uploads\/cache\/2019\/04\/PICT_20190401_190628_klein\/2423064992.jpg\" src=\"data:image\/svg+xml,%3Csvg%20xmlns%3D%22http%3A%2F%2Fwww.w3.org%2F2000%2Fsvg%22%20width%3D%22250%22%20height%3D%22200%22%20viewBox%3D%220%200%20250%20200%22%3E%3C%2Fsvg%3E\" loading=\"eager\"><\/span><span class=\"fg-image-overlay\"><\/span><\/a><figcaption class=\"fg-caption\"><div class=\"fg-caption-inner\"><\/div><\/figcaption><\/figure><div class=\"fg-loader\"><\/div><\/div>    <\/div>\n<\/div>\n\n\n\n<p>Die\neinzelnen Module variieren nicht nur in ihrer Gr\u00f6\u00dfe, sondern auch in ihrem\nDesign und ihrer Funktionalit\u00e4t. Jedes Modul kann nach individuellen Vorlieben\nausgesucht und kombiniert werden. So sind auch sp\u00e4tere Anpassungen an Design\nund Funktionalit\u00e4t&nbsp; problemlos m\u00f6glich. Das Bagular System l\u00e4sst sich\nver\u00e4ndern und erweitern. Es kann einfach das Modul ausgetauscht werden, welches\nnicht mehr gef\u00e4llt oder neu ben\u00f6tigt wird.<\/p>\n\n\n\n<p>Durch diese M\u00f6glichkeit wird neben dem Praktischen und der Individualit\u00e4t auch die Nachhaltigkeit gesteigert. Wenn ein Modul kaputt gehen sollte, muss nur dieses ersetzt werden. Infolgedessen werden weniger Rohstoffe verbraucht.<\/p>\n\n\n\n<p>Hier ein kleines Demo Video von Bagular&#8230;<\/p>\n\n\n\n<figure class=\"wp-block-embed-youtube wp-block-embed is-type-video is-provider-youtube wp-embed-aspect-16-9 wp-has-aspect-ratio\"><div class=\"wp-block-embed__wrapper\">\n<iframe loading=\"lazy\" title=\"Bagular Vorstellungsvideo HD\" width=\"584\" height=\"329\" src=\"https:\/\/www.youtube.com\/embed\/lXoHt2-KChg?feature=oembed\" frameborder=\"0\" allow=\"accelerometer; autoplay; clipboard-write; encrypted-media; gyroscope; picture-in-picture; web-share\" referrerpolicy=\"strict-origin-when-cross-origin\" allowfullscreen><\/iframe>\n<\/div><\/figure>\n","protected":false},"excerpt":{"rendered":"<p>Bagular ist der Name eines innovativen Rucksacksystems. Entstanden ist diese Idee, um den Schul- und Arbeitsalltag zu erleichtern. Das Bagular Rucksacksystem, kennzeichnet sich durch unterschiedliche Module aus. Diese k\u00f6nnen nach Belieben durch das \u00ae Fidlock Klicksystem kombiniert werden und das &hellip; <a href=\"https:\/\/bagular.de\/?page_id=2\">Continue reading <span class=\"meta-nav\">&rarr;<\/span><\/a><\/p>\n","protected":false},"author":1,"featured_media":0,"parent":0,"menu_order":0,"comment_status":"closed","ping_status":"open","template":"","meta":{"footnotes":""},"class_list":["post-2","page","type-page","status-publish","hentry"],"_links":{"self":[{"href":"https:\/\/bagular.de\/index.php?rest_route=\/wp\/v2\/pages\/2","targetHints":{"allow":["GET"]}}],"collection":[{"href":"https:\/\/bagular.de\/index.php?rest_route=\/wp\/v2\/pages"}],"about":[{"href":"https:\/\/bagular.de\/index.php?rest_route=\/wp\/v2\/types\/page"}],"author":[{"embeddable":true,"href":"https:\/\/bagular.de\/index.php?rest_route=\/wp\/v2\/users\/1"}],"replies":[{"embeddable":true,"href":"https:\/\/bagular.de\/index.php?rest_route=%2Fwp%2Fv2%2Fcomments&post=2"}],"version-history":[{"count":8,"href":"https:\/\/bagular.de\/index.php?rest_route=\/wp\/v2\/pages\/2\/revisions"}],"predecessor-version":[{"id":107,"href":"https:\/\/bagular.de\/index.php?rest_route=\/wp\/v2\/pages\/2\/revisions\/107"}],"wp:attachment":[{"href":"https:\/\/bagular.de\/index.php?rest_route=%2Fwp%2Fv2%2Fmedia&parent=2"}],"curies":[{"name":"wp","href":"https:\/\/api.w.org\/{rel}","templated":true}]}}